se 5, what is 414 - -211322440?
211323404
In base 3, what is -1022020 + 10120121010?
10112021220
In base 7, what is 13 + 5351461?
5351504
In base 3, what is 2 - -2212100220021200?
2212100220021202
In base 5, what is -33234 - -2434?
-30300
In base 2, what is -1111000101010101110011 + -1010?
-1111000101010101111101
In base 13, what is 139261c - 4?
1392618
In base 11, what is 108189 - 1?
108188
In base 16, what is -b2da9a - -f?
-b2da8b
In base 14, what is 1bc + -39d80?
-39ba2
In base 11, what is 5 - 2a0a393?
-2a0a389
In base 10, what is 4 - -14110271?
14110275
In base 10, what is -1 + -185113465?
-185113466
In base 11, what is -9a9318 - 2?
-9a931a
In base 16, what is 2430e9 - -c?
2430f5
In base 16, what is -60ac4 - 97?
-60b5b
In base 8, what is -26536675 + -3?
-26536700
In base 2, what is -1000111101100110000 - -10100010?
-1000111101010001110
In base 16, what is -5 - -93694f?
93694a
In base 13, what is -3bc75 + -a0?
-3c045
In base 12, what is 10a + -ba690?
-ba582
In base 14, what is 67 + -81d0?
-8167
In base 5, what is -3442122 + -11220?
-4003342
In base 13, what is 243079 - -10b?
243187
In base 5, what is 1343243 - -234?
1344032
In base 3, what is 102000022021101 - 222?
102000022020102
In base 7, what is 51610 + 30006?
111616
In base 16, what is -1f6d85d + 6?
-1f6d857
In base 10, what is 59 - -1100878?
1100937
In base 15, what is b0 + -529cc1?
-529c11
In base 14, what is -b52d + -5b?
-b58a
In base 12, what is 1808 - 3422?
-1816
In base 16, what is -261d + -126?
-2743
In base 3, what is -1220 + 1120200022202211?
1120200022200221
In base 13, what is -92 + -8408?
-849a
In base 11, what is -331238 - 307?
-331544
In base 8, what is 65305027 + -6?
65305021
In base 3, what is -22002201212000212 - 1?
-22002201212000220
In base 16, what is 21 - -5f0f3a?
5f0f5b
In base 7, what is -6 - -4052214?
4052205
In base 7, what is 13611663351 - -4?
13611663355
In base 12, what is -518a687 - 5?
-518a690
In base 5, what is 1212431 + 12124?
1230110
In base 12, what is -a822567 - 1?
-a822568
In base 3, what is -100020 - 1100010202?
-1100110222
In base 12, what is 1 + 31aaa75?
31aaa76
In base 10, what is -337371 - -317?
-337054
In base 4, what is -10332 - -310133211?
310122213
In base 6, what is -5 - -421054210?
421054201
In base 2, what is 111011001001100000000100 + -10001?
111011001001011111110011
In base 12, what is 33a + 91bb?
9539
In base 14, what is 5c4 - 68769?
-68185
In base 6, what is 3 + 1055342441?
1055342444
In base 5, what is 103434000 + 1032?
103440032
In base 7, what is -201 - 226152?
-226353
In base 7, what is -622 - -33111220?
33110265
In base 3, what is 110200112020101 + -10010?
110200112010021
In base 7, what is 5 - 124530052?
-124530044
In base 7, what is 362346 - -11?
362360
In base 8, what is 3 - -1617364343?
1617364346
In base 10, what is 4 - -34513647?
34513651
In base 3, what is -111222 - 101022021020?
-101022210012
In base 10, what is 53591 + -162?
53429
In base 12, what is 36185 - -8a?
36253
In base 4, what is -2013 + 113001300?
112333221
In base 15, what is -51078 + 39e?
-50bc9
In base 5, what is 34002121 - 0?
34002121
In base 5, what is 33301022 - -12?
33301034
In base 13, what is 22 - -10079c?
1007c1
In base 3, what is -100120221 + 12120102?
-11000112
In base 11, what is a4 + -65324?
-65230
In base 2, what is -100001111000101 - -11101000111?
-11110001111110
In base 4, what is -22 - -330111210?
330111122
In base 4, what is -13212312 - -100010?
-13112302
In base 12, what is -4373 - 1441?
-57b4
In base 13, what is 99444 - 46?
993cb
In base 9, what is -286255 + 464?
-285681
In base 2, what is 10001001011110 - -1101101100?
10010111001010
In base 8, what is 205205 - 1671?
203314
In base 10, what is 30980 + -2734?
28246
In base 7, what is 2520134632 + -23?
2520134606
In base 16, what is 88b0 + -587?
8329
In base 2, what is 111010101010001110 - 1000100?
111010101001001010
In base 2, what is 100100 - 100011101100010010000000?
-100011101100010001011100
In base 5, what is 1 + -33242344440?
-33242344434
In base 9, what is -7 - 266282755?
-266282763
In base 2, what is -1010010011110110 + 10110?
-1010010011100000
In base 10, what is -2747748 - -45?
-2747703
In base 14, what is 0 - -3b6c85?
3b6c85
In base 2, what is 0 - -11100010011000101001001110?
11100010011000101001001110
In base 16, what is -5 + -375afc7?
-375afcc
In base 4, what is 10 - -232033132101?
232033132111
In base 11, what is 84124560 + 0?
84124560
In base 11, what is -99 - -301990?
3018a2
In base 6, what is -10520 + -3110300?
-3121220
In base 14, what is 5 + 3299b7?
3299bc
In base 16, what is 2 - 7da1cfd?
-7da1cfb
In base 7, what is -22002 - -36131?
14126
In base 9, what is -8740153 - 4?
-8740157
In base 14, what is -51dda - ad9?
-52ad5
In base 12, what is 41586706 + 1?
41586707
In base 16, what is -3c2d - -2bb?
-3972
In base 5, what is -3431410 + 42211?
-3334144
In base 4, what is -111 - 11132000230?
-11132001001
In base 14, what is 1b78 - 7c94?
-611a
In base 5, what is -1040111 + 113?
-1034443
In base 6, what is -2 - 302423240?
-302423242
In base 6, what is 13 + -2025124?
-2025111
In base 3, what is -11221012102 - 11112002?
-12002201111
In base 4, what is 100130201 - 10333?
100113202
In base 5, what is -2203 - -32303120?
32300412
In base 16, what is 690a9 - -19?
690c2
In base 6, what is 202324132 + -12?
202324120
In base 5, what is -34303213 - 313?
-34304031
In base 11, what is 0 + 2784381?
2784381
In base 10, what is -409 + 7125?
6716
In base 6, what is 5 - -20005233305?
20005233314
In base 9, what is -3685 - 10780?
-14575
In base 6, what is 3454431 + 53?
3454524
In base 2, what is -1001 + 101000001111111101101?
101000001111111100100
In base 10, what is 3231 - -2659?
5890
In base 7, what is -2 + -45063460?
-45063462
In base 11, what is -167 + 56857?
566a0
In base 6, what is 441445300 - -414?
441450114
In base 2, what is 11100100111010 - -1010100001011?
100111001000101
In base 7, what is -106531406 + 6?
-106531400
In base 16, what is 23b2bd + -13?
23b2aa
In base 13, what is -5 + -30a5a3?
-30a5a8
In base 12, what is -45bb2 - 88a?
-46880
In base 6, what is 340 - 55103?
-54323
In base 13, what is -108ca3 + -1a?
-108cc0
In base 15, what is -8e - ed6b3?
-ed752
In base 12, what is -5 - -281195a2?
28119599
In base 9, what is 0 - 10022343?
-10022343
In base 9, what is 1204166 + 1167?
1205344
In base 9, what is -834 - -14817?
13873
In base 11, what is 31 + a69a5?
a6a26
In base 8, what is 637 + -354761?
-354122
In base 16, what is 3907 - 2cc?
363b
In base 5, what is -14214003404 + -110?
-14214004014
In base 2, what is 1010100101010001001 - 1111011000?
1010100011010110001
In base 10, what is -168 + 32143?
31975
In base 7, what is -106236135 + 5?
-106236130
In base 15, what is -11 - 29163b?
-29164c
In base 9, what is 14821 - 16252?
-1331
In base 13, what is 91 - c6884?
-c67c3
In base 10, what is 549 + 32281?
32830
In base 9, what is 46608 - 102?
46506
In base 11, what is 11685 - -139?
11813
In base 15, what is -436e63 + 4?
-436e5e
In base 8, what is 1 - 4401415?
-4401414
In base 5, what is 32013 + 1441?
34004
In base 11, what is 152a7 - -296?
15592
In base 3, what is 11 + 2221121211001?
2221121211012
In base 14, what is 12d2 + -442?
c90
In base 6, what is -10 + -4344122?
-4344132
In base 7, what is -20 + -3334354?
-3334404
In base 5, what is 20 - -1122030143?
1122030213
In base 5, what is 14431 - -41210?
111141
In base 15, what is 20d - 1d328?
-1d11a
In base 15, what is 5888 - 2aa?
55cd
In base 4, what is 20001220000312 + 11?
20001220000323
In base 7, what is 30120544 + -124?
30120420
In base 6, what is 531021 + 44?
531105
In base 10, what is 10 - 5858468?
-5858458
In base 10, what is 1573 + 3141?
4714
In base 14, what is -a088 + -c99?
-ad43
In base 14, what is -91a - -39638?
38b1c
In base 14, what is -613bc2b - 4?
-613bc31
In base 11, what is -6 + 111377477?
111377471
In base 4, what is -3 + 20212103113131?
20212103113122
In base 11, what is 55a33 + 6a5?
56628
In base 4, what is -11 - -1121131300211?
1121131300200
In base 5, what is -3 - 140332443?
-140333001
In base 6, what is -10523033411 - -1?
-10523033410
In base 14, what is -3c6cc41 + 1?
-3c6cc40
In base 11, what is 1 - -3a52823a?
3a528240
In base 13, what is -1 + 56570a?
565709
In base 8, what is -5 + -1231631?
-1231636
In base 5, what is 